prime factors of 7469700.
2, 3, 5, 7, 3557
List the prime factors of 5865593.
1319, 4447
List the prime factors of 4113883.
4113883
What are the prime factors of 1821365?
5, 7, 13, 4003
List the prime factors of 39827665.
5, 2473, 3221
List the prime factors of 5921389.
17, 47, 7411
List the prime factors of 1456618.
2, 197, 3697
What are the prime factors of 354846?
2, 3, 59141
List the prime factors of 239640.
2, 3, 5, 1997
What are the prime factors of 2331555?
3, 5, 37, 4201
What are the prime factors of 2245031?
2245031
What are the prime factors of 372664?
2, 37, 1259
What are the prime factors of 212994?
2, 3, 11833
List the prime factors of 7482980.
2, 5, 374149
List the prime factors of 1351.
7, 193
List the prime factors of 16531102.
2, 7, 19, 29, 2143
What are the prime factors of 467073?
3, 17299
What are the prime factors of 1168072?
2, 146009
What are the prime factors of 653721?
3, 217907
What are the prime factors of 1728293?
7, 246899
List the prime factors of 3441113.
13, 223, 1187
What are the prime factors of 11448368?
2, 715523
List the prime factors of 259613.
89, 2917
List the prime factors of 4237163.
7, 605309
List the prime factors of 108622.
2, 54311
List the prime factors of 867977.
11, 19, 4153
List the prime factors of 8620692.
2, 3, 718391
What are the prime factors of 549115?
5, 7, 29, 541
List the prime factors of 465257.
13, 2753
List the prime factors of 3412358.
2, 1706179
List the prime factors of 396985.
5, 79397
List the prime factors of 9229848.
2, 3, 384577
List the prime factors of 640062.
2, 3, 439
What are the prime factors of 787876?
2, 61, 3229
What are the prime factors of 5638064?
2, 29, 419
List the prime factors of 1036429.
43, 24103
What are the prime factors of 107896?
2, 13487
List the prime factors of 183689.
11, 16699
What are the prime factors of 266188?
2, 13, 5119
What are the prime factors of 877811?
11, 79801
What are the prime factors of 2066611?
19, 108769
List the prime factors of 2501718.
2, 3, 37, 59, 191
List the prime factors of 1593309.
3, 531103
What are the prime factors of 92778?
2, 3, 7, 47
What are the prime factors of 7357747?
7357747
What are the prime factors of 446541?
3, 73, 2039
What are the prime factors of 1017851?
1017851
List the prime factors of 15200918.
2, 7600459
List the prime factors of 919702.
2, 7, 179, 367
What are the prime factors of 81928?
2, 7, 11, 19
What are the prime factors of 7018146?
2, 3, 389897
List the prime factors of 231164.
2, 57791
What are the prime factors of 470276?
2, 89, 1321
What are the prime factors of 1682013?
3, 19, 23, 1283
What are the prime factors of 10441437?
3, 37, 109, 863
What are the prime factors of 361745?
5, 71, 1019
What are the prime factors of 816405?
3, 5, 37, 1471
What are the prime factors of 765625?
5, 7
What are the prime factors of 1472650?
2, 5, 29453
What are the prime factors of 13389927?
3, 19, 61, 3851
List the prime factors of 45956.
2, 11489
What are the prime factors of 209623?
209623
List the prime factors of 984581.
13, 53, 1429
List the prime factors of 5166167.
1213, 4259
What are the prime factors of 497938?
2, 7, 5081
What are the prime factors of 178369?
107, 1667
What are the prime factors of 9268546?
2, 7, 59, 229
List the prime factors of 14730.
2, 3, 5, 491
List the prime factors of 8961513.
3, 11, 23, 11807
What are the prime factors of 30788930?
2, 5, 19, 131, 1237
List the prime factors of 463555.
5, 83, 1117
List the prime factors of 428464.
2, 61, 439
What are the prime factors of 185348?
2, 46337
List the prime factors of 9876945.
3, 5, 13, 50651
What are the prime factors of 865475?
5, 13, 2663
List the prime factors of 465052.
2, 7, 17, 977
List the prime factors of 1921524.
2, 3, 11, 14557
What are the prime factors of 1131376?
2, 31, 2281
List the prime factors of 76906.
2, 38453
List the prime factors of 18231.
3, 59, 103
List the prime factors of 910269.
3, 101141
What are the prime factors of 18241848?
2, 3, 28151
What are the prime factors of 227291?
37, 6143
What are the prime factors of 2891009?
11, 262819
List the prime factors of 212666.
2, 113, 941
What are the prime factors of 37475?
5, 1499
What are the prime factors of 1265487?
3, 113, 3733
What are the prime factors of 3178574?
2, 7, 29, 7829
List the prime factors of 21827.
13, 23, 73
List the prime factors of 83615.
5, 7, 2389
List the prime factors of 2154885.
3, 5, 19, 7561
What are the prime factors of 14716998?
2, 3, 272537
List the prime factors of 202542.
2, 3, 33757
What are the prime factors of 171069?
3, 127, 449
List the prime factors of 3095389.
11, 439, 641
List the prime factors of 358636.
2, 89659
List the prime factors of 2563613.
13, 19, 97, 107
List the prime factors of 3919826.
2, 17, 31, 3719
What are the prime factors of 618318?
2, 3, 34351
What are the prime factors of 175109?
11, 15919
List the prime factors of 10335823.
10335823
What are the prime factors of 250377?
3, 83459
List the prime factors of 154752.
2, 3, 13, 31
List the prime factors of 4560783.
3, 193, 7877
What are the prime factors of 2592633?
3, 864211
List the prime factors of 78022.
2, 7, 5573
What are the prime factors of 7640031?
3, 7, 51973
List the prime factors of 5682922.
2, 7, 103, 563
What are the prime factors of 32427549?
3, 7, 11, 73, 641
What are the prime factors of 110924?
2, 11, 2521
What are the prime factors of 2130490?
2, 5, 23, 59, 157
List the prime factors of 8975112.
2, 3, 373963
What are the prime factors of 134472?
2, 3, 13, 431
What are the prime factors of 1954692?
2, 3, 2011
What are the prime factors of 376281?
3, 41809
What are the prime factors of 37471675?
5, 79, 18973
List the prime factors of 1930983.
3, 643661
List the prime factors of 5205728.
2, 11, 23, 643
List the prime factors of 515458.
2, 97, 2657
List the prime factors of 26411.
7, 11
What are the prime factors of 831387?
3, 97, 2857
List the prime factors of 80783.
80783
What are the prime factors of 711383?
379, 1877
List the prime factors of 36057.
3, 7, 17, 101
List the prime factors of 2689587.
3, 17, 17579
What are the prime factors of 175750?
2, 5, 19, 37
What are the prime factors of 1926480?
2, 3, 5, 23, 349
List the prime factors of 24466376.
2, 11, 19, 14633
What are the prime factors of 3787979?
13, 67, 4349
List the prime factors of 2023621.
2023621
List the prime factors of 491738.
2, 13, 18913
List the prime factors of 474133.
11, 43103
List the prime factors of 4931738.
2, 7, 352267
List the prime factors of 2170628.
2, 17, 137, 233
What are the prime factors of 2721016?
2, 340127
List the prime factors of 46959.
3, 11, 1423
What are the prime factors of 3803956?
2, 13, 191, 383
List the prime factors of 208562.
2, 104281
What are the prime factors of 1684119?
3, 561373
List the prime factors of 12077472.
2, 3, 11, 11437
What are the prime factors of 15202876?
2, 13, 292363
What are the prime factors of 5929095?
3, 5, 395273
List the prime factors of 34536.
2, 3, 1439
What are the prime factors of 245641?
11, 137, 163
What are the prime factors of 1410392?
2, 176299
What are the prime factors of 7180781?
41, 175141
List the prime factors of 227933.
193, 1181
List the prime factors of 21109997.
4397, 4801
What are the prime factors of 417066?
2, 3, 13, 5347
What are the prime factors of 4715059?
19, 248161
List the prime factors of 623503.
31, 20113
List the prime factors of 111977.
111977
What are the prime factors of 27424859?
7, 11, 17, 41, 73
List the prime factors of 497737.
497737
What are the prime factors of 500504?
2, 62563
List the prime factors of 2101470.
2, 3, 5, 7, 10007
What are the prime factors of 108400?
2, 5, 271
What are the prime factors of 7203395?
5, 1440679
List the prime factors of 5024241.
3, 53, 3511
What are the prime factors of 177104?
2, 11069
What are the prime factors of 2192627?
419, 5233
List the prime factors of 1154980.
2, 5, 17, 43, 79
What are the prime factors of 2645556?
2, 3, 113, 1951
What are the prime factors of 3111159?
3, 1037053
List the prime factors of 1024221.
3, 11, 41, 757
What are the prime factors of 5392236?
2, 3, 449353
What are the prime factors of 527403?
3, 31, 53, 107
List the prime factors of 517691.
401, 1291
What are the prime factors of 437730?
2, 3, 